rime?
False
Suppose -4*o - 10 = 6, o = 2*q + 12. Let t be q/(-20) + 4/(-10). Suppose 3*b - 49 - 17 = t. Is b prime?
False
Let c = -3940 + 22745. Is c a prime number?
False
Suppose -21*j - 80286 = -27*j. Is j a composite number?
False
Let m(d) be the second derivative of 2*d**4/3 + 7*d**3/6 + 5*d**2/2 + 8*d. Is m(-6) a composite number?
False
Suppose 19*i = 18*i + 5. Suppose 4*t = i*t - 287. Is t a composite number?
True
Let g(d) = -2*d**2 + 12*d - 8. Let z be g(5). Suppose 7*c - z*c - 635 = 0. Is c composite?
False
Suppose -6*n = 3*n. Is 4 + n - 95*-7 prime?
False
Let h = 346 - 1647. Let m = 541 + h. Is (3/6)/((-4)/m) a composite number?
True
Let a(u) = 2*u**3 - 13*u**2 + u - 1. Let c be a(9). Suppose 2*s - 123 - c = 0. Suppose -s = p - 5*p. Is p composite?
False
Let f = -12 + 154. Suppose -8*g + f = -6*g. Is g a prime number?
True
Suppose 0 = -s + 2*z + 411, -4*s + 1622 = 3*z - 0*z. Is (-2)/((4/6)/(s/(-33))) a composite number?
False
Suppose g - 679 = 4*o, 5*o = -2*g - 804 + 2162. Is g a composite number?
True
Let g be 189/42*(0 - -908). Suppose 4*w + 2*x = -w + 4082, -5*w - x = -g. Is w prime?
False
Suppose -19*g + 14*g + 25705 = 0. Is g composite?
True
Let q = 7 - 13. Let n = 71 - q. Is n a prime number?
False
Let v = 226 - 102. Suppose -4*n + 4*j + 42 + 82 = 0, -4*n + 2*j + v = 0. Is 1/1 - n*-3 a prime number?
False
Suppose 5*m - 289 = 2*j, 0 = 5*j - m - 2*m + 770. Let k = -9 - j. Let z = 291 - k. Is z prime?
False
Suppose -400*p + 406*p = 40542. Is p composite?
True
Is 174*((-1910)/12)/(-5) a composite number?
True
Suppose -4*w + 138 = -z - 5182, -3*w + 2*z + 3985 = 0. Let t = -927 + w. Suppose 0 = -2*u + 4*y + t, -3*u + 594 = -4*y + y. Is u a composite number?
True
Suppose 57 = k - 1366. Is k prime?
True
Let d(w) = -1553*w. Let m(o) = 4659*o + 1. Let x(y) = 8*d(y) + 3*m(y). Is x(2) a composite number?
False
Let m be -2*-12*(2 + 1). Let a = 48 - m. Is a/42 - 4785/(-7) a composite number?
False
Let f = 1265 - 222. Is f a composite number?
True
Let s(g) = 15*g**3 - 16*g**2 - 5*g + 5. Is s(10) composite?
True
Suppose 5*h = h. Suppose h = -5*c + 40 + 20. Let q = c + 73. Is q prime?
False
Suppose 5*z + s + 24 = 0, z + 2*s + 3 = -0*z. Let x(l) = 22*l**2 + 2*l - 4. Let n(o) = o**2 - o + 1. Let g(w) = -3*n(w) + x(w). Is g(z) prime?
True
Let d(i) = 3 - 4 + 2 + 2*i + 42*i. Let f(t) = t + 2. Let p be f(2). Is d(p) prime?
False
Suppose -2*a + 76 = -4*q, 0 = 5*q + 4*a + a + 125. Let d = q - -8. Let g = d - -80. Is g a prime number?
True
Let f(y) be the third derivative of 97*y**5/60 - y**4/24 - y**3/6 - y**2. Let u(h) = -h**2 - 15*h - 55. Let v be u(-6). Is f(v) prime?
True
Let i(d) = 24*d**2 - d - 1. Suppose 2*t - 8 = -2*t. Let l be 1*(t + (-1 - 3)). Is i(l) prime?
True
Let w = -72 + 72. Suppose -2*l + 1821 - 43 = w. Is l composite?
True
Suppose -3*n - 957 = -21816. Is n prime?
False
Let f(u) = 7*u**2 + 5*u + 4. Let w be f(-5). Let t = -65 + 168. Let m = w + t. Is m a composite number?
False
Let m(l) = 261*l**2 - 11*l - 22. Is m(-4) composite?
True
Let h(l) = -l**2 - 31*l - 46. Let g be h(-22). Let u = g + 141. Is u a composite number?
False
Suppose -u = -0*p - 4*p + 12, -5*u = -4*p + 44. Let h(l) = -43*l - 13. Is h(u) a composite number?
False
Let t = -317 + -94. Let d = 2744 + t. Is d composite?
False
Let k = -3091 + 4539. Let q = k - 403. Suppose 6*u - u - q = 0. Is u composite?
True
Suppose -4*c - 76 = 2*h + 16, 3*h + 2*c = -138. Suppose 131 = -4*s + 7. Let d = s - h. Is d a composite number?
True
Let k = 5284 - 2351. Is k prime?
False
Suppose w - 929 = -3*h, 4*w - 8*h - 3641 = -5*h. Is w a prime number?
False
Let p = 2433 - -200. Is p prime?
True
Suppose 0 = -2*x + 4*p + 168, x + 2*p + 2*p - 96 = 0. Let s(q) = q**2 - q + 1. Let l be s(0). Let t = l + x. Is t composite?
False
Let c = 87775 - 43886. Is c a prime number?
True
Suppose 17 = 3*h - 4*i, -4*h + 10 = 4*i - 3*i. Suppose -h*n + 22 - 7 = 0. Suppose -3*f - 2*f = 0, -1174 = -2*j + n*f. Is j a prime number?
True
Is (-190553)/(-22)*(5 + (-3)/1) prime?
False
Let b(i) = 6*i + 12. Let x be b(4). Suppose p - 5*j - x = 46, 4*j - 381 = -5*p. Is p a composite number?
True
Suppose 4*d - 35 = 17. Suppose d*o - 16*o = -873. Is o prime?
False
Suppose -2*l + 4 - 2 = 0, -2*l = -4*v + 10. Suppose v*q + c - 1027 = 250, 3*c = 2*q - 866. Is q composite?
True
Suppose -p + 0*p + 21 = -5*a, 2*a = -8. Let x be 889/42 - p/6. Is 7/x + (-712)/(-6) a composite number?
True
Let c(w) = -4622*w + 147. Is c(-11) a composite number?
False
Is 1 - (-1 - 0) - 844370/(-10) a prime number?
False
Let a = 352 - 141. Is a a prime number?
True
Suppose 5*s + 0 = 15. Let c be s - 1/2*0. Suppose c*q - 5*o = 4*q - 34, -5*q + 3*o = -310. Is q a prime number?
True
Let b = 3297 - -2236. Is b composite?
True
Suppose 0 = -7*c + 22*c - 69945. Is c a prime number?
True
Let j = -38 + 42. Suppose 573 + 287 = j*z. Is z composite?
True
Is 51052/6 + 13/39 + -3 prime?
False
Is 30/((-10)/1) - -10268 a composite number?
True
Let w be 6 + 1 - 0 - 0. Let u be (w/4 - 1)*-8. Is u*2/8*-2 composite?
False
Is 1 - -42 - (-84 - -74) a composite number?
False
Let r be (-2)/(-10) + (-60)/50. Let i(g) = 50*g - 7. Let z(h) = -1. Let c(q) = r*i(q) - 4*z(q). Is c(-4) composite?
False
Let u(r) = -76 - 69 + 19 + 3*r - r. Let l be u(0). Is 14/l - (-2764)/9 composite?
False
Let u(j) = j**3 + j**2 + 8*j + 7. Let a be 10/125*5 + (-56)/(-10). Is u(a) composite?
False
Suppose 3 = 3*k - 5*q, 3*q + 5 = -3*k + 4*k. Is 4551/21 + k/(-14) composite?
True
Let p = -154120 + 270341. Is p prime?
False
Let h(v) = -125*v - 76. Is h(-9) prime?
True
Let k = -742 - -1631. Is k composite?
True
Suppose c = -4*v + 45, 7*c - 25 = 2*c. Suppose 0 = -7*y + v*y - 153. Is y a composite number?
True
Let y = 108 + 134. Suppose -3*p = -2*p - 3. Suppose -4*c = -5*c - 3*h + y, -3*c + 744 = p*h. Is c a composite number?
False
Let m be (-1)/(-4) - 1/4. Let o(h) be the first derivative of h**3/3 + 257*h + 42. Is o(m) prime?
True
Is -1*(3 + -2)*137837/(-49) a prime number?
False
Is 60/(-40)*(1 - 44458/6) prime?
True
Let o(n) = n**3 - 15*n**2 + 2*n - 15. Let m(b) = b**3 - 16*b**2 + 2*b - 16. Let a(t) = -4*m(t) + 5*o(t). Is a(12) a composite number?
False
Suppose -5 = j - n, -5*j + 3*n - 20 + 5 = 0. Suppose j = -5*w + 3*w + 1474. Is w a composite number?
True
Let y(h) = 2*h**3 - 63*h**2 - 32*h - 52. Is y(33) a composite number?
True
Let x(a) = a**2 + 6*a + 2. Suppose -4*i - 35 = 3*l, -6*i + 5*l = -3*i - 10. Let d be x(i). Is (-1006)/(-4) + d/(-2) prime?
False
Suppose 37*c + 8354 = 39*c. Is c a prime number?
True
Let l be 1/(-2) + (-1)/(-2). Let i = 12 - 8. Suppose l*b - 460 = -i*b. Is b a prime number?
False
Suppose 0 = 4*y - 5*n + 9, 4*n - n - 15 = 0. Suppose -3134 = y*i - 6*i + 2*a, -4*i = -a - 6268. Is i composite?
False
Let b be (5/(-10) + -2)*-3792. Suppose -10*d + 4130 = -b. Is d a prime number?
True
Let c(l) = -l - 3. Let x be c(-6). Suppose -4*r = 2*w - 60, 4*w = -6*r + x*r + 100. Is 4653/w - (-2)/(-4) prime?
True
Suppose 0 = 2*a + 4*d, a - 6*a - 4*d + 18 = 0. Is (0 + 133)/(a - (6 - 1)) a composite number?
True
Suppose 0 = -h + 4*w + 16303, -2*w = -90*h + 93*h - 48965. Is h composite?
False
Let q be (-12)/(1/((-3)/3)). Suppose 4*z - 8 + q = 0. Is 4 - -128 - (2 + z) a composite number?
False
Let k(o) = 2*o**3 + o + 0*o**3 + 3*o**2 - 3*o + 7 + 0*o. Let r be k(5). Let n = 491 - r. Is n prime?
False
Suppose 2*s - 7 = -1. Suppose 909 = 6*i - s*i. Is i a composite number?
True
Suppose 0 = 2*t - t - 249. Let y = t - 126. Is y a prime number?
False
Let n = -4 + 7. Suppose 0*k - n*k + 978 = 0. Let y = 537 - k. Is y prime?
True
Let s(w) = w**2 + 13*w + 43. Let o be s(-9). Let n(x) = x**3 - 3*x**2 + x + 8. Is n(o) prime?
True
Let c(j) = 2588*j - 357. Is c(13) a composite number?
False
Let x be (5/3)/(1/3). Suppose q = -3*a + 1229 - 208, -2*q = x*a - 1701. Is a composite?
True
Is 480084/(-99)*9/(-4) a prime number?
False
Let z = -978 + 1647. Is z prime?
False
Let d = 36 - 17. Suppose 0 = d*t + 838 - 42980. Is t prime?
False
Suppose 4617 = 14*y - 5*y. Is (4 + -2)*(y/2 + 2) a composite number?
True
Suppose -9*i + 126 = -2*i. Is (-19 + i)*(-2219)/(3 + -2) prime?
False
Let c = -12 + 14. Let k be -1 + 12 - (c + 0). Is (150/k)/((-4)/(-6)) a composite number?
True
Let t(w) = 6*w**2 - w + 15. Let d be t(-7). Let j 